Give a(-25).
-19
Let z(t) = 33*t**2 - 514*t + 79. Give z(15).
-206
Let g(b) = -b**3 - 46*b**2 - 77*b + 23. Determine g(-2).
1
Let b(g) = -g**3 - 29*g**2 - 63*g + 132. Give b(-26).
-258
Let b(i) = -6*i + 253. Calculate b(45).
-17
Let y(j) = j**2 - 176*j - 4774. Calculate y(-24).
26
Let r(o) = 3*o**2 - 98*o + 770. What is r(16)?
-30
Let s(g) = -54*g**3 + 5*g**2 + 17*g - 43. Determine s(2).
-421
Let b(h) = h**3 + 19*h**2 - 18*h - 46. Give b(-20).
-86
Let c(v) = -23*v - 236. Give c(-11).
17
Let x(v) = 2*v**3 + 170*v**2 - 911*v - 989. Calculate x(-90).
1
Let j(b) = b**3 - 18*b**2 - 17*b - 7. Determine j(19).
31
Let g(z) = -5*z + 66. Give g(11).
11
Let m(v) = -15*v**3 + 225*v**2 + 8*v - 123. Determine m(15).
-3
Let f(j) = -j**3 + 4*j**2 - 30*j + 73. Give f(0).
73
Let x(g) = -g**3 - 12*g**2 - g - 14. Determine x(-4).
-138
Let q(d) = -94*d - 27634. What is q(-294)?
2
Let u(d) = -d**2 - 42*d + 635. Calculate u(12).
-13
Let b(f) = -2*f**3 - 171*f**2 + 3608*f + 312. Calculate b(-103).
3
Let s(r) = 89*r + 493. Calculate s(-7).
-130
Let f(j) = -29*j - 1166. Calculate f(-41).
23
Let a(b) = -b**3 + 30*b**2 + 136*b + 8. Calculate a(34).
8
Let y(f) = 164*f + 8504. Calculate y(-52).
-24
Let u(x) = -70*x + 1780. Give u(27).
-110
Let u(h) = 53*h**2 + 323*h + 23. Calculate u(-6).
-7
Let m(u) = -u**2 + 4*u + 435. Calculate m(23).
-2
Let u(h) = -h + 90. Determine u(60).
30
Let l(h) = 6*h**2 + 50*h - 182. Determine l(-11).
-6
Let i(r) = 7*r + 77. Determine i(7).
126
Let s(g) = -g**3 - 6*g**2 + 11*g. Determine s(3).
-48
Let y(c) = -c**2 - 101*c - 1996. What is y(-74)?
2
Let j(m) = 8*m**2 + 64*m - 55. Give j(-9).
17
Let f(m) = m**3 - 18*m**2 + 29*m + 41. What is f(15)?
-199
Let u(p) = -353*p**2 + 23*p + 21. What is u(-1)?
-355
Let y(s) = -6*s + 263. Give y(33).
65
Let m(z) = -135*z - 378. Give m(-3).
27
Let v(t) = 273*t + 2100. Calculate v(-8).
-84
Let h(u) = -2*u**3 + 29*u**2 - 89*u - 18. Give h(7).
94
Let h(l) = 6*l - 76. What is h(17)?
26
Let k(m) = m**3 + 5*m**2 - 98*m - 497. Calculate k(-6).
55
Let q(v) = 3*v**2 - 22*v - 407. What is q(-11)?
198
Let r(z) = -2*z**2 - 10*z - 76. Give r(-9).
-148
Let n(c) = -2*c**2 - 76*c + 177. Calculate n(-36).
321
Let i(o) = -5*o**2 + 160*o + 355. What is i(34)?
15
Let f(d) = -4*d**3 - 263*d**2 + 2110*d - 511. Give f(-73).
0
Let t(p) = 3*p**3 + 111*p**2 - 117*p - 4340. What is t(-37)?
-11
Let a(d) = 45*d - 199. Calculate a(3).
-64
Let w(y) = -y**3 + 5*y + 5. Calculate w(3).
-7
Let p(a) = -563*a**2 + 9007*a + 38. What is p(16)?
22
Let c(x) = 325*x - 3261. What is c(10)?
-11
Let q(n) = -2*n**3 - 165*n**2 - 3349*n + 24. Give q(-36).
60
Let u(o) = 33*o - 129. Determine u(4).
3
Let k(m) = -13*m**2 + 805*m + 93. Determine k(62).
31
Let d(k) = -31*k - 424. Calculate d(-13).
-21
Let g(o) = o**2 + 76*o - 496. What is g(-82)?
-4
Let d(f) = -93*f + 70. Calculate d(2).
-116
Let p(h) = -h**3 + 11*h**2 + 6*h - 233. Calculate p(7).
5
Let t(k) = k**2 + 5472*k - 10946. Give t(2).
2
Let s(g) = 188*g - 244. Determine s(1).
-56
Let j(k) = -4*k**3 - 38*k**2 + 16*k - 67. Give j(-10).
-27
Let m(u) = 7*u**2 + 360*u - 2232. Determine m(-57).
-9
Let z(y) = -y**3 + 177*y**2 - 178*y + 348. Determine z(176).
-4
Let a(y) = 153*y + 775. What is a(-6)?
-143
Let k(i) = 95*i**2 - 2856*i + 188. Determine k(30).
8
Let u(x) = x**2 - 261*x + 2752. What is u(11)?
2
Let y(o) = -o**2 + 54*o + 896. Give y(76).
-776
Let u(g) = 2*g**2 + 38*g - 250. Calculate u(6).
50
Let w(i) = i**3 + 11*i**2 + 20*i + 26. Determine w(-4).
58
Let s(r) = -14*r + 951. Give s(74).
-85
Let b(z) = 19*z**2 + 17*z + 11. Give b(5).
571
Let k(z) = -4937*z - 19744. Calculate k(-4).
4
Let o(a) = 242*a + 2766. Determine o(-12).
-138
Let m(w) = -w**3 + 12*w**2 - 25*w - 45. Determine m(7).
25
Let g(m) = -4*m - 90. Calculate g(2).
-98
Let n(j) = -j**3 + 24*j**2 - 11*j + 43. Determine n(24).
-221
Let x(q) = -3*q**3 + 10*q**2 - 298*q + 870. Give x(3).
-15
Let s(v) = 3*v**2 - 24*v - 104. Calculate s(-4).
40
Let c(z) = z**3 - 18*z**2 + 23*z - 604. Calculate c(18).
-190
Let u(h) = 2*h**2 + 59*h - 55. Give u(-31).
38
Let g(q) = q**3 - 9*q**2 + 14*q - 156. Determine g(9).
-30
Let v(c) = -2*c**2 + 55*c - 91. What is v(17)?
266
Let f(l) = -2*l**3 - 24*l**2 - 11*l + 6. Calculate f(-12).
138
Let h(x) = 2*x**2 + 402*x + 5590. Give h(-15).
10
Let o(w) = -37*w + 309. Determine o(8).
13
Let b(w) = -6*w - 49. Give b(-15).
41
Let x(g) = -65*g + 10198. Determine x(158).
-72
Let o(j) = 10*j**2 + 183*j + 196. Give o(-12).
-560
Let l(y) = y**3 + 57*y**2 + 52*y - 240. Determine l(-56).
-16
Let z(h) = -h**2 - 17*h + 511. Calculate z(14).
77
Let g(z) = -z**3 - 116*z**2 - 183*z + 5131. Determine g(-114).
1
Let c(t) = -1211*t**2 - 6053*t + 7. What is c(-5)?
-3
Let k(g) = 2*g**3 + 49*g**2 - 78*g + 8. Calculate k(-26).
8
Let d(p) = p**3 + 30*p**2 - 131*p - 10. Give d(4).
10
Let v(o) = 1424*o + 1426. What is v(-1)?
2
Let h(j) = 7*j**2 - 154*j + 9. What is h(22)?
9
Let c(v) = v**3 + 50*v**2 - 51*v + 3. Determine c(-51).
3
Let h(r) = 12*r**3 + 204*r**2 - r + 23. Determine h(-17).
40
Let q(d) = -d**2 + 165*d - 6693. What is q(72)?
3
Let s(d) = 290*d - 5797. What is s(20)?
3
Let j(b) = b + 3. What is j(-10)?
-7
Let x(k) = k**2 + 14*k - 131. Determine x(-20).
-11
Let m(v) = -88*v**2 - 27*v - 25. What is m(-1)?
-86
Let b(a) = 207*a - 615. Calculate b(3).
6
Let m(t) = 214*t + 598. What is m(-4)?
-258
Let z(b) = -13*b**3 - 37*b + 38. Determine z(1).
-12
Let b(j) = -7*j**2 - 160*j - 705. Give b(-6).
3
Let v(s) = -127*s - 1045. Give v(-8).
-29
Let p(r) = -19*r + 740. Determine p(39).
-1
Let x(q) = 2*q + 75. What is x(-36)?
3
Let i(o) = -o**2 + 20*o + 33. What is i(-15)?
-492
Let c(i) = 3*i**2 + 52*i + 44. Determine c(-17).
27
Let k(r) = 7*r**2 - 12*r - 23. Determine k(-4).
137
Let q(c) = 1063*c - 56329. Calculate q(53).
10
Let c(w) = 35*w + 97. Determine c(-3).
-8
Let a(f) = f**3 + 30*f**2 + 163*f + 55. Give a(-23).
9
Let x(j) = -15*j**3 - 1622*j**2 - 215*j + 102. Give x(-108).
-6
Let y(q) = 8*q - 429. Determine y(32).
-173
Let n(j) = -j**3 - 40*j**2 - 110*j + 134. Calculate n(-37).
97
Let m(l) = -l**2 - 21*l + 38. What is m(-21)?
38
Let j(s) = -42*s + 611. Determine j(18).
-145
Let c(r) = -r**2 + 53*r + 1778. Determine c(-25).
-172
Let l(g) = -26*g - 2073. Give l(-80).
7
Let k(q) = 3*q**3 + 20*q**2 + 33*q + 275. What is k(-7)?
-5
Let y(s) = -s**3 - 4*s**2 - 22*s + 6. Give y(-6).
210
Let l(p) = 4*p**2 - 19*p + 156. Calculate l(7).
219
Let c(z) = -11*z + 225. Determine c(-21).
456
Let w(n) = -111*n - 411. Calculate w(-4).
33
Let o(w) = -132*w - 5546. What is o(-42)?
-2
Let x(f) = f**2 + 66*f + 1045. Determine x(-38).
-19
Let s(j) = -2*j**3 + 141*j**2 + 69*j + 119. Give s(71).
-23
Let f(m) = 11*m**2 - 86*m + 34. What is f(7)?
-29
Let l(m) = -m**3 - 2*m**2 + 10*m + 6. Give l(-4).
-2
Let o(b) = -b**2 - 113*b + 13308. Give o(-185).
-12
Let s(d) = -33*d**2 - 461*d + 1. Calculate s(-14).
-13
Let t(o) = 3*o**2 - 130*o + 117. Give t(42).
-51
Let y(o) = 6*o**3 - 22*o**2 - 4*o + 6. Calculate y(4).
22
Let s(x) = x**2 - 38*x - 240. Calculate s(35).
-345
Let g(k) = k**3 - 8*k**2 + 9*k + 36. Determine g(5).
6
Let d(p) = 809*p + 16188. Give d(-20).
8
Let h(s) = 2*s**3 + 25*s**2 - 38*s - 339. Give h(-13).
-14
Let i(s) = -50*s - 296. Give i(-6).
4
Let j(v) = -v**3 + 143*v**2 - 2355*v - 122. Calculate j(124).
2
Let a(x) = -7*x**2 + 417*x + 208. Determine a(60).
28
Let p(t) = -21*t**3 - 2*t**2 - 13*t - 10. Determine p(-1).
22
Let x(f) = f**2 - 64*f + 313. Calculate x(59).
18
Let v(d) = d**3 + 8*d**2 + 21*d + 180. What is v(-8)?
12
Let m(w) = -2*w**3 - 153*w**2 + 816*w - 6. Calculate m(5).
-1
Let t(w) = -220*w - 13. Determine t(2).
-453
Let n(f) = f**2 - 2310*f - 23204. Determine n(-10).
-4
Let i(x) = -x**2 + 36*x + 38. Give i(31).
193
Let h(s) = -118*s - 2839. Calculate h(-24).
-7
Let d(x) = 4*x - 314. Determine d(21).
-230
Let i(w) = 2*w**3 + 10*w**2 - 33*w + 7. Give i(3).
52
Let y(l) = -408*l + 2834. Give y(7).
-22
Let h(c) = -473*c + 23141. Calculate h(49).
-36
Let d(h) = 926*h - 8343. What is d(9)?
-9
Let v(y) = -627*y + 623. Determine v(1).
-4
Let t(c) = -3*c**2 - 128*c - 1188. Give t(-30).
-48
Let b(x) = -x**3 - 16*x**2 + 17*x + 500. What is b(-15)?
20
Let a(u) = 8141*u**2 - 89551*u - 4. What is a(11)?
-4
Let r(d) = 26*d - 259. Determine r(10).
1
Let t(